 + 5 + 0*t**2. What are the prime factors of c(-1)?
7
Let l be (1*-1 - -12)*1. Suppose j + 2 = -5. Let w = l + j. What are the prime factors of w?
2
Suppose 3*g - 2*r - 15 = 15, 3*g + 4*r - 48 = 0. List the prime factors of g.
2, 3
Suppose y - 3 = 2*b - 2, 0 = y + 4*b - 7. What are the prime factors of (-159)/(-9) - (-1)/y?
2, 3
Let i = 4 - 2. Suppose -d = d + i, 3*r - 5*d = -139. Let c = -34 - r. What are the prime factors of c?
2, 7
Suppose 21*n + 500 = 25*n. What are the prime factors of n?
5
Let a(x) be the third derivative of x**5/60 - 3*x**4/8 + x**3/6 - 2*x**2. Let t(d) be the first derivative of a(d). What are the prime factors of t(6)?
3
Let p(t) = 0*t**2 - 6*t - t**2 - 6 + 0*t**2. Suppose -2*q - 4 = 4. What are the prime factors of p(q)?
2
Let b be (2 - 0)/(-4)*-10. Suppose 0 = 4*j - 5*q - 27 - 95, -b*q = j - 18. List the prime factors of j.
2, 7
Let s(c) be the third derivative of c**5/60 + c**4/4 - 7*c**3/6 + c**2. Let l = -17 - -9. List the prime factors of s(l).
3
Let w(z) be the second derivative of -z**4/12 - 4*z**3/3 + 4*z**2 - 2*z. Let r be (-6)/12 + 13/(-2). List the prime factors of w(r).
3, 5
Suppose -10 = j - 3*j. Suppose -2*q + 35 + 17 = -n, -16 = 4*n. Suppose c - 4*s - 6 - q = 0, c - 35 = j*s. What are the prime factors of c?
2, 5
Suppose 5*h - 2*a = 3*a + 55, -3*a = -4*h + 46. Let m(n) = n**3 - 5*n**2 + 5*n + 3. Let q be m(4). Let t = h - q. List the prime factors of t.
2, 3
Let i = -1 - -4. Suppose 2*w + 1 = 5*j, 0 = -3*w + 3*j + 18 - 6. Let c = w - i. List the prime factors of c.
2
Suppose 3*i = a + 13 - 60, 3*i = 15. List the prime factors of a.
2, 31
Let n(k) be the second derivative of k**3/6 + 5*k**2 - 3*k. What are the prime factors of n(7)?
17
What are the prime factors of (-216)/10*(-13)/((-195)/(-100))?
2, 3
Suppose 0 = -2*w + w + 50. Suppose -2*t + 3*l = -3*t + 12, 3*t = -2*l + w. List the prime factors of t.
2, 3
Suppose 2*k - 17 = -5*x, 7 = 2*x + 3*k - 2*k. Suppose -7*f + 88 = -x*f. Suppose f + 6 = 4*c. List the prime factors of c.
7
Let j = 85 - 48. Let z = 53 - j. List the prime factors of z.
2
What are the prime factors of (12/(-5) - 0)/((-8)/320)?
2, 3
Suppose m = -0*m - 14. Let a = m + 16. List the prime factors of a.
2
Let m be -6 - -3 - -9 - 1. Let g(k) = -2*k**2 + k**2 + 6*k - m*k + 3*k**2. What are the prime factors of g(-3)?
3, 5
Let t = -40 + 88. What are the prime factors of t?
2, 3
Suppose -o - 12 = -4*o. Suppose 2*m - 45 = -5*a, 131 = o*m + a + 14. List the prime factors of m.
2, 3, 5
Suppose -4*i + 62 + 558 = 0. What are the prime factors of i?
5, 31
Suppose 0 = 4*j - 0*j - 20. List the prime factors of j.
5
Let j(n) = 3*n**2 - 2*n + 1. Let c be j(1). Let t(q) = 3*q**3 - 4*q**2 + 3*q. List the prime factors of t(c).
2, 7
Let k(z) = -z**3 - 5*z**2 + 3*z + 6. Let a be k(-5). Let o = 3 - a. What are the prime factors of o?
2, 3
Suppose 4*k - 3*s - 100 = 0, 5*k + 2*s = -2*s + 125. Suppose -2*n - 11 = k. List the prime factors of (-3)/((n/20)/3).
2, 5
Let o(s) = s**2 + 7*s + 1. Let l be o(-5). Let g(f) = -f - 4. What are the prime factors of g(l)?
5
Let y = -58 - -60. What are the prime factors of y?
2
Suppose -t = -2*r - 6 - 4, 5*r = -5*t - 55. Let k = -3 - r. List the prime factors of k.
2
Let h = -5 + 0. Let x(p) = -3*p - 7. Let g be x(h). Suppose 0*f + g = 4*f. What are the prime factors of f?
2
Let u = 361 - 86. List the prime factors of u.
5, 11
Suppose -3*i + l + 18 = -i, i - 2 = -3*l. List the prime factors of i.
2
Let f(d) = 3*d**2 + 5. Let t(a) = -2*a**2 - 6. Let w(k) = 7*f(k) + 6*t(k). Suppose 2 = 4*q - 2. List the prime factors of w(q).
2
Let t(u) = -2*u. Let i be t(-6). Let v = i - -34. What are the prime factors of v?
2, 23
Suppose -2*i - 3*q = -0*q + 6, 3*q = 4*i + 12. Let u = 0 + i. Let z = u - -14. List the prime factors of z.
11
Suppose 0 = 3*m - 22 - 5. Let z = 15 - m. List the prime factors of z.
2, 3
Let t be 5*1/(3 + -2). What are the prime factors of t/((-10)/(-32)) + -2?
2, 7
Let y = 34 + -10. What are the prime factors of y?
2, 3
Let q be 21 - 2/(6/(-9)). Suppose -5*y = 3*u - 3*y - 17, -5*u + y + q = 0. List the prime factors of u.
5
Let l(i) = -17*i + 1. List the prime factors of l(-11).
2, 47
Let g = -55 - -81. What are the prime factors of g?
2, 13
Let x(f) = 16*f**2 - f - 8. What are the prime factors of x(-2)?
2, 29
Let p be 0 + -2 + -2 + -2. Let t(i) = i**3 + 6*i**2 - 2*i - 8. Let z be t(p). Suppose -z*y - 20 = -6*y. List the prime factors of y.
2, 5
Let x = 22 - 16. Let s be (4/(-6))/((-2)/x). Suppose 5*c = s*c + 54. List the prime factors of c.
2, 3
Suppose 2*x = -0*x + 34. Let w = x - -3. List the prime factors of w.
2, 5
Suppose -6*z + 5*z + 4 = 0. List the prime factors of z.
2
Let l = 7 - -17. Let h = -11 + l. List the prime factors of h.
13
What are the prime factors of (-2 - -1) + 3 - -50?
2, 13
Let f be (14/(-6) - -2)*-9. Suppose 4*c = -l - 2, -l + 3*l - f*c - 40 = 0. What are the prime factors of l?
2, 7
Let c = 86 + -34. What are the prime factors of c?
2, 13
Let b = 41 + -109. Let i = 102 + b. What are the prime factors of i?
2, 17
Suppose 540 = 4*v - 172. Suppose 5*h = -8 + v. What are the prime factors of h?
2, 17
Let q(a) = a. Let f be (2/4)/((-1)/14). Let u be q(f). What are the prime factors of 18/u*28/(-6)?
2, 3
Let s be 1 + 1 - (1 + 3). Let f = 6 + s. Suppose f*u + u = 50. What are the prime factors of u?
2, 5
Let x(f) = -f**2 - 13*f - 9. Let b be -7 + (0 - (4 - 2)). List the prime factors of x(b).
3
Let j(i) = i**2 + 6*i + 2. Let y be j(-3). Let v = -2 - y. Suppose 0 = v*a - 0*a - 80. What are the prime factors of a?
2
Suppose a + 4*m - 19 = -4*a, -8 = -a - 5*m. Suppose -11 = 2*u + a*d, 3 = u + 3*u + d. List the prime factors of u.
2
Let h(u) = -4*u + 6. Let r(l) = 1. Let s(q) = -h(q) + 5*r(q). Let p be s(2). Suppose -p + 1 = -3*a. List the prime factors of a.
2
Let l(u) = -u**2 + 4*u + 4. Let q be l(5). List the prime factors of -7*(1/7 + q).
2, 3
Let p = -208 - -317. List the prime factors of p.
109
Let m = 2 - -17. List the prime factors of m.
19
Suppose 0 = 2*s - 4*m - 450, 3*s + s - 5*m - 897 = 0. List the prime factors of s.
223
Let s = 1 - -2. Suppose -s*f + 24 + 30 = 0. What are the prime factors of f?
2, 3
Let o = 81 - 77. What are the prime factors of o?
2
Suppose 7 = -5*j - 8. Let y = 9 - 10. List the prime factors of (-92)/(-6) - y/j.
3, 5
Suppose 3*l = 4*l + 4. Let h(o) = o + 1. Let y be h(l). Let j = 8 + y. What are the prime factors of j?
5
Let y = 111 + 57. What are the prime factors of y?
2, 3, 7
Suppose 0*b - 2*b + 50 = -3*q, -3*b = 4*q + 61. Let a = 77 - 54. Let v = a + q. What are the prime factors of v?
7
Let w(d) = -d**3 + 9*d**2 - 7*d + 10. Let m be w(8). Suppose -y - m = 5*s - 2, -5*s = -y + 14. Let f = 10 + y. List the prime factors of f.
3
Let t = -39 - -105. List the prime factors of t.
2, 3, 11
Let p be 1875 - (0/(-4) + -1). List the prime factors of (-2)/11 - p/(-154).
2, 3
Let v(i) be the third derivative of i**6/120 - 3*i**5/20 + 7*i**4/24 - i**3/6 - 2*i**2. Let t be v(7). List the prime factors of (-4)/12 - t/6.
2
Suppose -4*n = n - 30. Suppose -4*z + n = -z. Suppose -m - 2*m = 9, -13 = -z*t + m. List the prime factors of t.
5
Suppose -2*b + 25 = y + 3*b, -3*y + 3 = -3*b. Suppose -y*n + 45 = 5*q, 3*q + 15 = 8*q. What are the prime factors of n?
2, 3
Let a(q) = 3*q - q - 5*q - 3. What are the prime factors of a(-2)?
3
Let g = -133 + 316. What are the prime factors of g?
3, 61
Let w(b) = 13*b**2 + b. List the prime factors of w(-1).
2, 3
Suppose 216 = -p + 4*p. List the prime factors of p.
2, 3
Let r(a) = a**2 + 16*a - 20. List the prime factors of r(-23).
3, 47
Suppose 0 = -5*z + v + 39, -z = 2*z - 3*v - 21. Let t(f) = 4*f + 1. What are the prime factors of t(z)?
3, 11
Suppose 10*x - 11*x + 62 = 0. What are the prime factors of x?
2, 31
Let l = 15 - 7. What are the prime factors of l?
2
Suppose 4*m + 2*q = -m + 33, -3*m - 5*q = -16. Let s = 13 - m. Suppose -2*d + s = 4*g - 2, 20 = 5*d + 2*g. List the prime factors of d.
2
Suppose -s + 575 = 4*s. List the prime factors of s.
5, 23
Let h be (-6)/3*(-21)/6. List the prime factors of 145/h + 6/21.
3, 7
Let m = 14 - -6. Suppose 24 = 3*t + 3*z, 3*z = -z - m. What are the prime factors of t?
13
Let y be 126/24*16/6. Suppose y - 2 = o. List the prime factors of o.
2, 3